x be ((-8)/5)/((-7)/70). List the prime factors of u(x).
3
Let q(j) = -2*j**2 + 2*j - 1. Let u be q(1). List the prime factors of (84/49)/(u/(-7)).
2, 3
Let r be (-4)/(-14) + 19/7. Let u(z) = z - 6. Let a be u(5). What are the prime factors of 1/a*r*-3?
3
Suppose 5*s = 2*c - 133, 6*s - 157 = -2*c + 3*s. What are the prime factors of c?
2, 37
Let z = 4 + -3. What are the prime factors of 56/8 + z + 2?
2, 5
Let v = 22 - 7. List the prime factors of v.
3, 5
Suppose -a - 5 = 0, -2*a = 5*d - 10*d + 2225. List the prime factors of d.
443
Let r(s) = -2*s**2 + 3*s**3 + 2 + 0*s**3 - 7*s**3 + 3*s. What are the prime factors of r(-2)?
2, 5
Suppose 7*c - 25 = 2*c. Suppose 2*f + q - 59 = c, 0 = -4*q + 16. What are the prime factors of f?
2, 3, 5
Let l(d) = d + 14. Let o be l(-6). Let v(n) = -7*n - 1. Let x be v(o). Let f = -40 - x. List the prime factors of f.
17
Suppose -3*b + 6*b + 4*t = 79, 1 = t. List the prime factors of b.
5
Let s(d) = -d**3 - 6*d**2 + 2*d - 3. Let j be s(-7). Let h = j - 16. Suppose -2*t + 11 = -4*t + 3*a, 0 = 2*t - 4*a + h. List the prime factors of t.
2
What are the prime factors of 6425/10*8/20?
257
Let f(c) be the first derivative of -c**2/2 + 5*c - 5. List the prime factors of f(0).
5
What are the prime factors of (-2)/9 + (-2)/(54/(-7755))?
7, 41
Suppose 0 = -c + 45 + 53. What are the prime factors of c?
2, 7
Let y(f) = f**2 + 4*f - 3. Let r be y(-5). Let k = -11 + 16. Suppose 0 = m - r - k. List the prime factors of m.
7
Let o be (-2 - -2)*3/(-6). Suppose o*c - 5*c = -20. List the prime factors of c.
2
What are the prime factors of 40 + -1 + 2 - 0?
41
Let b(p) = -p**2 - 8*p + 4. Let r be b(-8). Suppose 4*q - r*s = s + 49, 15 = q - 4*s. Let n = q + -6. What are the prime factors of n?
5
Suppose 3*x - 5*o - 111 = 0, -2*x - 3*o = -37 - 37. Suppose 4*c - a = 159, -c + 2*a + x = 6. List the prime factors of c.
41
Suppose 72 = 2*g - 5*z, 4*g - g - 85 = -4*z. List the prime factors of g.
31
Let a(l) be the first derivative of 16*l**3/3 - l**2/2 + 3. List the prime factors of a(-1).
17
Let h(c) = c**2 - 4. List the prime factors of h(-4).
2, 3
Let d = 7 + -10. Let h = d + -1. List the prime factors of h/(-6)*(-126)/(-4).
3, 7
Suppose 6 + 0 = 2*b. Suppose b*h = -2*h + 45. List the prime factors of h.
3
What are the prime factors of (-1)/((-3)/(-2))*-15?
2, 5
Let c(a) = 2*a**2 + 2*a - 1. Let s be c(-2). Suppose 5*g - 5 = -5*o, -2*g - 3 = 4*o + s. What are the prime factors of ((-22)/(-4))/((-2)/o)?
11
Let k(n) = n**3 - 8*n**2 + 8*n - 5. Suppose 6*q - 4*h = q + 28, -18 = -3*q + 3*h. Suppose 0 = 5*a - 31 - q. List the prime factors of k(a).
2
Let t = 2 - -2. Suppose -3*x = -4*x + t. List the prime factors of 22/8 - (-1)/x.
3
Let z(d) be the third derivative of -d**6/120 - d**5/20 + d**4/6 - d**3/3 + d**2. Let h be z(-4). Let y = h + 13. List the prime factors of y.
11
Suppose 10 = -4*o + 50. Let k = o + 12. List the prime factors of k.
2, 11
Suppose -2*a + 0*a - 2 = 0. Let c be a + 1 - (4 + -4). Suppose 0*p - 4*p - 3*l + 17 = c, 2 = -5*p + 4*l. What are the prime factors of p?
2
Let i(t) = t + 1. Let l be i(3). Suppose -l*b + 3 = -49. What are the prime factors of b?
13
Let l = -45 + 93. What are the prime factors of l?
2, 3
Suppose z - 98 = -3*z + 3*a, -2*a = -4. List the prime factors of z.
2, 13
Let y(i) = 4*i + 4. Let h be y(4). Suppose -16 = -4*x + h. What are the prime factors of x?
3
Let c be 1/(-5) + 2/10. Suppose 5*v - 68 = -w, c = -4*v + 2*w + 38 + 8. What are the prime factors of v?
13
Let s = 24 + 8. Suppose 2*l + 0*l = s. What are the prime factors of -3*(-3 - l/6)?
17
List the prime factors of 1793/55 - 4/(-10).
3, 11
Suppose -2*v + 8 - 2 = 0. Suppose 18 = v*l - 0*l. What are the prime factors of l?
2, 3
What are the prime factors of (-6)/(-27) - (-356)/18?
2, 5
Suppose 3*q - 30 = -3*u, -q - 2*u + 14 = 3*u. Let r = 16 - q. List the prime factors of r.
7
Let j be (-5 + 2)*(-4)/6. Suppose j*k + 2 = -0. What are the prime factors of ((-3)/((-3)/(-7)))/k?
7
Let k = -26 + 52. Suppose -5*m - 4*o + k = 0, -4*m - 2*o + 17 - 1 = 0. What are the prime factors of (-2 - 11*-1) + m?
11
Let j = -2 - -6. Suppose -2*q - h = -j*h - 12, 2*q + 12 = -3*h. Suppose -2*l + 4*v = -q*l + 6, 4*v = -l + 27. What are the prime factors of l?
7
What are the prime factors of 111 - 0*((-1)/3)/1?
3, 37
Let f(t) = -t**3 - 7*t**2 - 5*t. Let l be f(-6). Let q(u) = u**2 + 4*u + 4. What are the prime factors of q(l)?
2
Suppose 2*v + 2*x - 3 - 3 = 0, -4*x = 2*v - 8. Let u be 4/3 - v/(-3). Suppose -n + 12 = u*n. What are the prime factors of n?
2
Suppose -2*j + 12 = -0*j. Suppose 0 = -j*q + q. Suppose 4*k + q*k - 36 = 0. What are the prime factors of k?
3
Let q = -10 + 27. List the prime factors of q.
17
Suppose l + l + 4 = 0. Let n be (-2 + -1 - l) + -27. Let y = -18 - n. List the prime factors of y.
2, 5
Suppose -j = -4 - 31. What are the prime factors of j?
5, 7
Suppose -3*m = -12, -3*c + m + 91 = -4*m. Suppose 2*q - c = 49. List the prime factors of q.
43
Let t = 59 - 39. What are the prime factors of t?
2, 5
Let x(w) = w + 1 + 3 - 4. List the prime factors of x(2).
2
Let l(r) = 3*r**2 - 20*r - 13. What are the prime factors of l(10)?
3, 29
Suppose 3*r - m = 5*r - 380, 5*r + 5*m = 955. List the prime factors of r.
3, 7
Let m = -33 + 63. Let h = m - 16. What are the prime factors of h?
2, 7
Let o = 43 + -31. Let p = o + -3. List the prime factors of p.
3
Let s(j) = -j**3 - 4*j**2 - 3*j - 5. Let i be s(-4). Let h = i - 3. Let p(q) = q**3 - 5*q**2 + 6*q - 1. List the prime factors of p(h).
7
Let w be 0/(-3 - (1 - 2)). Suppose -4*b - 3*o - 3 = w, o + o + 7 = -b. What are the prime factors of b?
3
Suppose -3*l = -0*l. Suppose -5*x - 111 = -3*o, -2*o - 3*x + 93 = -l*o. List the prime factors of o.
2, 3, 7
Let t(z) = z**3 + 6*z**2 + 6*z - 1. Let g be t(-5). Let j = 8 + g. What are the prime factors of j/(-4) + 85/10?
2
Suppose -6*v = -4*v - 104. List the prime factors of v.
2, 13
List the prime factors of 7*(24/7)/(2/7).
2, 3, 7
Let d = 8 - 3. List the prime factors of d.
5
Suppose 8*a - 6*a - 304 = -4*s, s - 81 = -3*a. List the prime factors of s.
3, 5
Suppose -66 = -3*s - g, 0*g + g = 2*s - 44. Suppose s = -5*r - 8. Let q(i) = -i**2 - 5*i + 8. List the prime factors of q(r).
2
Let b(l) = 70*l - 18. What are the prime factors of b(4)?
2, 131
Let t(y) = -2*y**3 - 3*y**2 - y - 2. Let m = 0 + -2. Let f be t(m). List the prime factors of 4*-3*(-1)/f.
3
Let b(t) = t**2 - 8*t + 11. Let f be b(8). Suppose 3*p - f + 3 = 4*s, -2*p = -5*s - 3. Suppose 20 = -q + 3*q + 2*j, p*q = 3*j + 33. List the prime factors of q.
3
Suppose -5*f + 17 = 2*a - 0, a = -f + 7. Let y(d) = d - 2. What are the prime factors of y(a)?
2
Let v be (-3)/(-3) - (0 + -31). Suppose 6 = -4*t + 22, 3*c = 5*t - 14. Suppose 0 = -4*q - 3*y + c*y + 32, -4*y = -4*q + v. What are the prime factors of q?
2
Let s = -16 + 66. Suppose s = -2*i - 5*y, i + 2*y - 34 = 2*i. List the prime factors of (8/(-10))/(2/i).
2, 3
Let v(a) = a + 5. List the prime factors of v(0).
5
Let s be (-157)/(-4) - 5/20. Let v = 50 + -26. Let q = s - v. What are the prime factors of q?
3, 5
Suppose 4 - 96 = 4*i. Suppose 3*q + 163 = -5*g + 7*q, 0 = 2*g + 2*q + 76. Let j = i - g. What are the prime factors of j?
2, 3
Let o be 1 - -1 - (4 + -2). Suppose 3*i + 9 = o, i + 19 = l + 3*l. What are the prime factors of l?
2
Let a be 4/22 - (-24)/(-11). Let p be a*(21/(-6))/1. Let y = p + -2. What are the prime factors of y?
5
Suppose -31 + 127 = 2*c. What are the prime factors of c?
2, 3
Let j = -85 - -200. What are the prime factors of j?
5, 23
Let k = -2 - -2. Suppose -4*q + 7*q + 69 = k. Let l = -16 - q. What are the prime factors of l?
7
Suppose 0 = 4*a + a + 30. Let v = -4 - a. Suppose -u + 15 = v*u. What are the prime factors of u?
5
Let t(d) = -d + 2. Let c be -1*(0 + 2)/(-1). Suppose 3*u + u + 6 = -3*g, -c*u + 5*g - 16 = 0. List the prime factors of t(u).
5
Let r(l) be the first derivative of -l**4/12 - l**2 - 1. Let y(n) be the second derivative of r(n). What are the prime factors of y(-8)?
2
Suppose n + 3*z + 8 = 2*n, -3*n - 5*z + 52 = 0. Suppose -11*s + n*s = 18. List the prime factors of s.
2, 3
Let k(c) = 3*c + 5. What are the prime factors of k(5)?
2, 5
Let w = -30 - -48. What are the prime factors of w?
2, 3
Suppose -p + 4*d + 80